ple of 39?
True
Is 1008 a multiple of 21?
True
Is 4472 a multiple of 55?
False
Does 6 divide 228?
True
Is 438 a multiple of 6?
True
Does 85 divide 5496?
False
Does 90 divide 2778?
False
Is 13 a factor of 16?
False
Is 15 a factor of 60782?
False
Does 9 divide 81?
True
Does 17 divide 17?
True
Is 1860 a multiple of 31?
True
Is 16814 a multiple of 40?
False
Does 22 divide 7881?
False
Does 43 divide 13373?
True
Is 9 a factor of 747?
True
Does 26 divide 32552?
True
Does 8 divide 792?
True
Does 26 divide 48089?
False
Is 3778 a multiple of 28?
False
Does 10 divide 10840?
True
Does 8 divide 3693?
False
Is 16092 a multiple of 27?
True
Is 2494 a multiple of 58?
True
Does 3 divide 66?
True
Does 4 divide 1038?
False
Is 6380 a multiple of 32?
False
Is 29497 a multiple of 13?
True
Is 62271 a multiple of 11?
True
Is 76 a factor of 1520?
True
Does 16 divide 4144?
True
Is 68 a multiple of 2?
True
Is 22 a factor of 6600?
True
Does 10 divide 40050?
True
Does 7 divide 42877?
False
Is 3 a factor of 1452?
True
Does 196 divide 28224?
True
Is 506 a multiple of 23?
True
Is 14896 a multiple of 8?
True
Does 13 divide 230?
False
Is 2 a factor of 1597?
False
Is 111314 a multiple of 58?
False
Is 7507 a multiple of 7?
False
Does 308 divide 42726?
False
Is 2460 a multiple of 60?
True
Is 25 a factor of 5414?
False
Does 2 divide 1018?
True
Is 11 a factor of 3381?
False
Is 8265 a multiple of 87?
True
Is 27 a factor of 432?
True
Does 3 divide 909?
True
Is 19 a factor of 2109?
True
Does 70 divide 3850?
True
Does 159 divide 13833?
True
Is 40 a factor of 834?
False
Is 2774 a multiple of 19?
True
Does 172 divide 5364?
False
Is 17 a factor of 2005?
False
Is 46280 a multiple of 8?
True
Is 5100 a multiple of 17?
True
Is 28 a factor of 7375?
False
Does 24 divide 3792?
True
Is 15092 a multiple of 49?
True
Is 24467 a multiple of 34?
False
Is 106 a factor of 5268?
False
Is 30123 a multiple of 4?
False
Does 44 divide 29744?
True
Is 4415 a multiple of 12?
False
Is 1085 a multiple of 39?
False
Does 3 divide 16908?
True
Is 44 a factor of 6204?
True
Is 184 a factor of 8405?
False
Does 27 divide 18063?
True
Is 7912 a multiple of 43?
True
Is 20 a factor of 78440?
True
Does 8 divide 1279?
False
Does 314 divide 2132?
False
Is 12320 a multiple of 80?
True
Does 7 divide 973?
True
Is 71 a multiple of 28?
False
Is 15 a factor of 1425?
True
Is 25 a multiple of 3?
False
Is 383 a multiple of 4?
False
Does 10 divide 17523?
False
Does 156 divide 7332?
True
Is 1970 a multiple of 79?
False
Is 19 a factor of 52?
False
Is 25 a factor of 450?
True
Does 23 divide 62675?
True
Does 118 divide 4327?
False
Is 11 a factor of 1302?
False
Does 22 divide 2420?
True
Is 20610 a multiple of 18?
True
Is 206 a multiple of 12?
False
Does 332 divide 81008?
True
Is 613 a multiple of 50?
False
Does 16 divide 752?
True
Is 14 a factor of 1148?
True
Is 29 a factor of 35487?
False
Is 48 a factor of 576?
True
Is 32 a factor of 608?
True
Does 58 divide 1675?
False
Is 13 a factor of 91?
True
Does 39 divide 83385?
False
Does 19 divide 190?
True
Is 17 a factor of 2728?
False
Is 1727 a multiple of 139?
False
Is 56 a factor of 3597?
False
Is 119 a factor of 16960?
False
Is 3134 a multiple of 18?
False
Is 32 a factor of 922?
False
Is 186 a factor of 72912?
True
Is 490 a multiple of 7?
True
Is 1413 a multiple of 7?
False
Is 211 a factor of 41567?
True
Is 21973 a multiple of 50?
False
Does 4 divide 176?
True
Is 32747 a multiple of 64?
False
Is 351 a multiple of 2?
False
Does 41 divide 298?
False
Does 36 divide 1191?
False
Does 13 divide 61112?
False
Does 146 divide 8030?
True
Does 62 divide 16774?
False
Does 5 divide 173?
False
Is 24 a factor of 1944?
True
Is 60 a factor of 967?
False
Is 6 a factor of 378?
True
Does 39 divide 6864?
True
Is 756 a multiple of 3?
True
Does 11 divide 219?
False
Is 717 a multiple of 23?
False
Does 33 divide 2904?
True
Is 2946 even?
True
Is 14 a factor of 81?
False
Does 6 divide 24164?
False
Is 6264 a multiple of 27?
True
Is 3 a factor of 393?
True
Is 28 a factor of 28?
True
Does 10 divide 1720?
True
Is 10077 a multiple of 154?
False
Is 7255 a multiple of 142?
False
Does 15 divide 735?
True
Is 2289 a multiple of 6?
False
Is 8 a factor of 548?
False
Does 4 divide 4950?
False
Is 47 a factor of 456?
False
Is 14 a factor of 616?
True
Does 11 divide 935?
True
Is 17 a factor of 7942?
False
Is 15420 a multiple of 257?
True
Does 103 divide 2060?
True
Is 50670 a multiple of 76?
False
Is 1128 a multiple of 38?
False
Is 18906 a multiple of 138?
True
Is 63 a factor of 15624?
True
Is 9540 a multiple of 6?
True
Does 9 divide 11764?
False
Is 290 a multiple of 10?
True
Does 13 divide 1040?
True
Is 13 a factor of 58?
False
Is 1449 a multiple of 21?
True
Is 6 a factor of 491?
False
Is 7742 a multiple of 6?
False
Is 5247 a multiple of 11?
True
Is 150 a multiple of 3?
True
Does 32 divide 3848?
False
Is 3630 a multiple of 15?
True
Is 8353 a multiple of 10?
False
Does 162 divide 2268?
True
Is 6 a factor of 446?
False
Is 27075 a multiple of 57?
True
Is 357 a multiple of 21?
True
Does 11 divide 41?
False
Is 29 a factor of 3393?
True
Does 8 divide 7406?
False
Is 192 a multiple of 24?
True
Is 48279 a multiple of 21?
True
Is 7573 a multiple of 26?
False
Does 209 divide 26775?
False
Is 7200 a multiple of 40?
True
Does 13 divide 11435?
False
Is 5 a factor of 54?
False
Is 2403 a multiple of 40?
False
Is 695 a multiple of 25?
False
Is 4 a factor of 444?
True
Is 16 a factor of 527?
False
Does 10 divide 884?
False
Does 3 divide 60?
True
Does 5 divide 2799?
False
Is 57 a factor of 4845?
True
Is 6333 a multiple of 13?
False
Does 24 divide 1320?
True
Is 22 a factor of 10358?
False
Is 125700 a multiple of 20?
True
Does 88 divide 5651?
False
Is 72 a factor of 1170?
False
Is 604 a multiple of 25?
False
Is 46 a factor of 380?
False
Is 17 a factor of 1394?
True
Does 121 divide 36755?
False
Does 9 divide 3105?
True
Is 7800 a multiple of 153?
False
Is 3 a factor of 11178?
True
Is 4200 a multiple of 10?
True
Does 31 divide 3501?
False
Is 1409 a multiple of 29?
False
Does 3 divide 6988?
False
Is 2108 a multiple of 68?
True
Is 3 a factor of 438?
True
Does 4 divide 920?
True
Is 1369 a multiple of 37?
True
Does 71 divide 3053?
True
Does 73 divide 292?
True
Is 17 a factor of 871?
False
Does 56 divide 541?
False
Does 17 divide 983?
False
Does 17 divide 4556?
True
Is 16 a factor of 240?
True
Is 3 a factor of 17?
False
Is 4861 a multiple of 11?
False
Is 14 a factor of 4695?
False
Does 31 divide 44361?
True
Is 31 a factor of 1395?
True
Is 441 a multiple of 19?
False
Is 73 a factor of 7373?
True
Is 15 a factor of 1830?
True
Is 17 a factor of 4445?
False
Is 137 a factor of 2731?
False
Is 3306 a multiple of 58?
True
Does 50 divide 25806?
False
Does 59 divide 2478?
True
Is 21 a factor of 6740?
False
Does 23 divide 828?
True
Does 27 divide 1755?
True
Is 6887 a multiple of 60?
False
Is 34 a factor of 1212?
False
Is 10 a factor of 164?
False
Is 26 a factor of 728?
True
Is 7 a factor of 294?
True
Is 10 a factor of 5920?
True
Does 56 divide 14840?
True
Does 21 divide 38157?
True
Is 5 a factor of 1490?
True
Is 42 a factor of 34944?
True
Is 68 a factor of 38489?
False
Is 3 a factor of 1113?
True
Is 38920 a multiple of 130?
False
Is 6 a factor of 12416?
False
Is 84708 a multiple of 117?
True
Is 76 a factor of 1319?
False
Is 4184 a multiple of 16?
False
Is 5 a factor of 170?
True
Is 3150 a multiple of 38?
False
Is 10 a factor of 46170?
True
Is 26 a factor of 811?
False
Does 60 divide 4640?
False
Does 10 divide 2530?
True
Is 22 a factor of 4312?
True
Is 7 a factor of 36708?
True
Is 45 a factor of 59?
False
Is 33600 a multiple of 20?
True
Does 3 divide 15?
True
Is 11 a factor of 1210?
True
Does 151 divide 13892?
True
Is 13 a factor of 3389?
False
Does 2 divide 70?
True
Does 13 divide 52?
True
Does 25 divide 12125?
True
Is 4 a factor of 528?
True
Is 6 a factor of 28348?
False
Does 63 divide 1541?
False
Is 793 a multiple of 17?
False
Is 3 a factor of 607?
False
Is 57 a factor of 4788?
True
Does 26 divide 8312?
False
Does 29 divide 1748?
False
Is 19 a factor of 2766?
False
Is 11 a factor of 606?
False
Is 3181 a multiple of 24?
False
Is 54 a factor of 5346?
True
Does 21 divide 18199?
False
Does 51 divide 1989?
True
Is 43 a factor of 26359?
True
Is 3120 a multiple of 40?
True
Is 116 